e -61 - -658 - 1*-4. Suppose -t = -3*h + 86 + 332, -2*h = 4. Let p = c + t. What are the prime factors of p?
3, 59
Let t(p) = -53*p - 10 + 12 + 16 + 31. Let h be t(-7). Suppose -4*b + h + 440 = 0. List the prime factors of b.
5, 43
Suppose 25*k - 28 = -4*a + 21*k, -2*k = 0. Let q(d) = 6*d**3 - 25*d**2 + 4*d + 6. List the prime factors of q(a).
3, 17
Let k = 90909 - 59673. List the prime factors of k.
2, 3, 19, 137
Suppose -2*c - 2*t - 2*t = -44, 4*t = 4*c - 64. Suppose 59 = 7*p - c. List the prime factors of (p/6)/11 + (-1796)/(-24).
3, 5
Let n = 550 + -553. Let q(v) = -443*v + 42. List the prime factors of q(n).
3, 457
Let n(i) = 19*i + 1634. List the prime factors of n(67).
3, 17, 19
Suppose -36*j + 155485 = -369827. Suppose 57*v + j = 65*v. List the prime factors of v.
2, 3, 19
Suppose -4*u + 530 + 54 = 0. Let p = 219 + u. Suppose 13*a = 18*a - p. List the prime factors of a.
73
Suppose 9*k - 4*k = 2*s + 13, -s - 2*k = -16. Suppose -4 = -o + 4*u, -3*o + u - 95 = -74. Let a = s - o. What are the prime factors of a?
2, 7
What are the prime factors of 4*(3*8/(-3) + (-7788)/(-8))?
2, 1931
Let f(w) = 86*w**3 + 14*w**2 + 5*w - 64. What are the prime factors of f(6)?
2, 89, 107
Suppose 44*x = 17*x + 170317 - 66124. List the prime factors of x.
17, 227
Let n(h) = -9*h**2 - 4*h + 5. Let r be n(2). Let v = r + 41. List the prime factors of 0 - (-5 + v - -5 - 80).
2, 3, 13
Let l = 14042 + 19360. What are the prime factors of l?
2, 3, 19, 293
Let w be (-1)/3*2664/(-24). Suppose w*o + 528 = 38*o. List the prime factors of o.
2, 3, 11
Let h = 131 - 129. Suppose -a + h*o = -4*a + 190, 0 = 2*a - 3*o - 118. List the prime factors of a.
2, 31
Let d(x) = 13*x**3 - 24*x**2 + 39*x + 48. Let s(g) = 7*g**3 - 13*g**2 + 20*g + 25. Let f(i) = 3*d(i) - 5*s(i). What are the prime factors of f(8)?
3, 5, 13
Let x be (-138)/(-4)*(-184)/(-12). Suppose -4*f + m + x = -868, 12 = 4*m. List the prime factors of f.
2, 5, 7
Let k be 1/3 - (-3376)/(-12). Let c = 396 + -801. Let y = k - c. What are the prime factors of y?
2, 31
Let f(m) = -2*m**3 + 40*m**2 + 79*m + 43. Let c(k) = 3*k**3 - 80*k**2 - 157*k - 85. Let u(n) = 3*c(n) + 5*f(n). List the prime factors of u(-39).
23, 61
What are the prime factors of 11/((-99)/(-108)) + 1337?
19, 71
Suppose -2*c + 3*v = -2*v + 248, 4*c + v = -496. Let f = c - -950. Suppose -a - f = -5*n, -4*a - 526 = -4*n + 138. List the prime factors of n.
3, 5, 11
Let z = 16 - 16. Suppose -b + z*b = -32. Let n = b + 5. What are the prime factors of n?
37
Suppose 5*o - 25150 = -d, 2*o = -2*d + 75640 - 25276. List the prime factors of d.
2, 5, 11, 229
Let k(b) = -b**2 + 6 + 4*b**2 + 5*b + 2*b**3 - 3*b. Suppose 0 = 4*u + 5*i - 27, -2*u - 40*i + 3 = -41*i. What are the prime factors of k(u)?
3, 31
Suppose 2*t + 3*n - 19 = 33, 2*t - 56 = -4*n. Suppose -364 = -t*y + 7*y. List the prime factors of y.
2, 7
List the prime factors of (12/(-4))/(21/350)*(-234 - -1).
2, 5, 233
Suppose 0 = 12*z - 38*z + 44538. Suppose 4*n + 3*y = 2285, -y + 3*y = -3*n + z. List the prime factors of n.
569
Suppose 0 = -8*z + 6*z + 4. Suppose -3*h - 17 = 2*k, 2*h - 4 = z. Let n(m) = -m - 4. List the prime factors of n(k).
3
Let j be (-36 - -1)*((-36)/9 + 0). Let n = j - -252. What are the prime factors of n?
2, 7
Let b be 498/9 + 14/21. Let c be (-140)/b*908/(-5). Suppose 0 = -w - t + 112, t - c = -w - 3*w. What are the prime factors of w?
2, 3, 19
Let d be (-18505)/50 + (-4)/(-40). Let t = 372 + d. List the prime factors of t.
2
Suppose 333*h - 2749670 = 15358204. What are the prime factors of h?
2, 3, 19, 53
Suppose -12*y + 9*y + 14770 = -4*a, 2*y - 9875 = -3*a. Suppose 9*d - y = 5114. What are the prime factors of d?
2, 3, 31
Suppose -5 = -j, w - 2245 = -6*j + 6447. What are the prime factors of w?
2, 61, 71
Suppose -3*g + 6687 = 3*y, -11766 - 1593 = -6*g - y. Suppose -3*c + 2605 = q, 0 = 5*c + q + g - 6565. List the prime factors of c.
3, 17
Suppose 202376 = -11*f + 66*f - 2310574. What are the prime factors of f?
2, 3, 5, 1523
Suppose 0 = -4*q - 349 + 1121. Let n = 436 - q. Let l = n + -61. List the prime factors of l.
2, 7, 13
Let m be 2 + (-3 - -6) + 0. Suppose -m*l = 3*l - 2296. List the prime factors of l.
7, 41
Let p(a) = -8*a + 27. Let b be p(-5). Let w = 67 - b. Suppose 3*l + 4*r - 521 = w, 5*r - 1 = -l + 180. List the prime factors of l.
3, 19
Let x = 9019 - 4955. What are the prime factors of x?
2, 127
Suppose -55465 - 71595 = -2*p - 2*l, 4*p = -2*l + 254116. What are the prime factors of p?
2, 3, 2647
Suppose 0 = -10*c - 31*c + 346655. List the prime factors of c.
5, 19, 89
Let i = 104 + -100. Suppose i*o + 610 = -f - f, 2*o + 307 = f. Let n = -23 - o. What are the prime factors of n?
2, 5, 13
Suppose 25810 - 10229 = 5*c - f - 20824, 0 = 3*f. List the prime factors of c.
3, 809
Suppose 3*u + 2 = 14. Suppose -3*l - 3*s = -u*s - 1358, -446 = -l - 3*s. What are the prime factors of l?
2, 113
Suppose -2*x + 2*z = -6, -6*z + 5*z = 0. Suppose -x*l + 511 + 173 = 0. What are the prime factors of l?
2, 3, 19
List the prime factors of 369957/99 - 10/(-165).
37, 101
Let h be 110/8 - 6/(-24). Suppose 12*t + 2 = h. What are the prime factors of ((6534/12)/9)/(t/2)?
11
Suppose -4*h - 16 = 0, 3*p - p + h = -8. Let g be ((-108)/(-8) - p)*2. Suppose g = 4*j - 113. List the prime factors of j.
2, 3
Let d = -48878 + 84996. List the prime factors of d.
2, 18059
Let h = 11048 + -3126. List the prime factors of h.
2, 17, 233
What are the prime factors of 11 + 76322 + 20 + -18?
3, 5, 7, 727
Let n = 758 + -1260. Let j = n - -703. Let f = 360 - j. What are the prime factors of f?
3, 53
Suppose -57676 - 41416 = -28*h. What are the prime factors of h?
3539
Suppose -45*c - 18450 = -38800 - 42785. List the prime factors of c.
23, 61
Let x = -3733 - -4934. What are the prime factors of x?
1201
Let u(y) = -40 + 4*y**2 + 6*y**3 + 2*y**2 - 5*y + 50. Let z be u(4). Suppose -z = -2*d - 3*d. List the prime factors of d.
2, 47
Let p(c) = 31*c**2 + 2*c + 1. Let b = 44 + -45. Let f be p(b). Suppose f + 3 = 3*j. List the prime factors of j.
11
Suppose -5*g + 31 = 4*r, 14 - 22 = 4*g - 5*r. List the prime factors of (8/(-24))/(g/(-18)) - -487.
3, 163
Let u(x) = -2*x + 3. Let f be u(-1). Suppose f*m + j + j = 28, 3 = -3*j. What are the prime factors of (-4)/12 + 614/m?
2, 3, 17
Let n(j) = 105*j**2 + j. Let v be ((-2)/(-3))/2*(-3 - 0). Let d be n(v). Let p = 222 - d. What are the prime factors of p?
2, 59
Let s(u) = 3*u**3 - 10*u**2 + 145*u + 42. What are the prime factors of s(22)?
2, 3, 79
Let l(s) = -35*s - 107. Let b be l(-5). What are the prime factors of (1 + b)*((-4048)/33)/(-16)?
23
Let p = 42 + -40. Suppose -2*x - 2 = 4*v, 0*v = -3*v - 2*x - p. Suppose v*t = 5*t - 840. What are the prime factors of t?
2, 3, 7
Let q be (15946/210 - (-6)/(-10))*-24. Let x = -1031 - q. List the prime factors of x.
3, 7, 37
List the prime factors of -1*-14764*(-16)/(-64).
3691
Let f = 117 - 114. Suppose p + f*r - 3 = 3, 8 = -4*p + 4*r. List the prime factors of 3 + -4 + p/3 - -71.
2, 5, 7
Let x = -63 - 6. Let y = -64 - x. Suppose 0 = -2*d + y*o - o + 22, 0 = d + 3*o - 16. What are the prime factors of d?
13
Suppose -5*b = -3*h + 29, -b = -5*h + b + 23. Let v(l) = -2*l**2 - 1 + 99*l + 30*l**h + 94*l - 191*l. What are the prime factors of v(1)?
29
Suppose 0 = 58*o - 60*o + 592. What are the prime factors of o?
2, 37
List the prime factors of 530995/119 - (96/21 + -5)/(-3).
2, 23, 97
Let h(f) = 1334*f**2 - 4*f - 4. Let o be h(-1). Let c = o + 114. What are the prime factors of c?
2, 181
Suppose -k + 0 = -13. Suppose -k*f = -2*f - 3960. List the prime factors of f.
2, 3, 5
Let w = 3147 + 43. What are the prime factors of w?
2, 5, 11, 29
Let f = 7 - 6. Let t be (57/1 + f)*9. Suppose -t + 30 = -6*a. What are the prime factors of a?
2, 41
Let o = 10265 - 1764. List the prime factors of o.
8501
Suppose 2*a - a + 2*s = 9, s - 17 = -3*a. Suppose 715 = -a*d + 5*x, 92 = 2*d - 5*x + 372. Let r = d - -217. What are the prime factors of r?
2, 3
Suppose 11*d = -5*d + 13744. Let b = d + -459. List the prime factors of b.
2, 5
Let j(x) be the first derivative of 3*x**4/4 - 2*x**3/3 + 5*x**2/2 - 13*x + 1. List the prime factors of j(6).
593
Suppose -4*l - 4*m = -8773 - 3023, -5*l - 3*m + 14759 = 0. List the prime factors of l.
2, 739
Suppo